q(d) = -3*d**2 - 12*d + 24. Let j(g) = -3*m(g) - 4*q(g). What is the tens digit of j(-10)?
5
Let v = -2 - -5. Suppose 544 - 544 = -6*o. Suppose 472 = 4*d + d - v*z, -5*z - 20 = o. What is the tens digit of d?
9
Let n be (272/(-6))/(24/(-8928)). Suppose 2*j - n = -29*j. What is the tens digit of j?
4
Let x = 3833 + 6851. What is the tens digit of x?
8
Let k be (-4)/(-14) + (-40)/(-7). Let y(s) = -6*s**2 + 7*s**2 + k*s + s - 13 - 2*s. What is the tens digit of y(-10)?
3
Let f(v) be the first derivative of -9*v**4/2 + v**3/6 - 23*v**2/2 + 4. Let o(z) be the second derivative of f(z). What is the tens digit of o(-1)?
0
Let l = 459 - 457. What is the thousands digit of 49 + 961 - (l - 1)?
1
Let f be ((-20)/8 - -4)*(-3 - -1285). Suppose 0 = -6*x + 501 + f. What is the tens digit of x?
0
Let z(w) = -2218*w - 4651. What is the units digit of z(-7)?
5
Suppose 0 = -3*k + 15, -3*z + k - 5 = -27. Suppose 5*v + 5*i = 515, -i - z - 185 = -2*v. Let n = -15 + v. What is the units digit of n?
4
Suppose 4*i - 5*x = 70434, -2*i = -x - 34776 - 450. What is the hundreds digit of i?
6
Suppose 0 = -2*g + u + 78, 4*g + g + 2*u - 195 = 0. What is the hundreds digit of -2 - g/2*-30?
5
Let v be -10 + 4 - -7 - 2*-2. Suppose -4*c - 5*o = -7811, c - v*c + o + 7793 = 0. What is the units digit of c?
9
Let r(x) = x**3 - 4*x**2 + 2. Let v be r(4). Let k be (6/(3/(-3)) - -5)*0. Suppose -n - 3*n - v*a = -124, -2*n - 2*a + 58 = k. What is the tens digit of n?
3
What is the tens digit of 19*((-173)/6)/(31/(-186))?
8
Let j(l) = -l**2 - 8*l + 93. Let a be j(7). What is the units digit of 3/(3 + -15) - 14775/a?
1
Let o(c) = -5*c**2 + 4*c**2 - 47*c**3 - 8*c - 4 + 51*c**3. Let w be o(4). Suppose 0 = 5*g + 4*f - w, f - 2 + 1 = 0. What is the tens digit of g?
4
Let o = -39 - -42. Suppose 4*r + 5*c - 10 = 7*c, 0 = o*r - 4*c. Suppose 3*k - 1045 = -5*n - 2*k, -2*n + 422 = r*k. What is the units digit of n?
7
Suppose -9*i + 3*m = -5*i + 4, 4*m + 5 = -5*i. What is the units digit of i*((-70)/40 - (-1)/(-4))?
2
Suppose -26*k = 22*k - 24*k - 249360. What is the tens digit of k?
9
Suppose p - 2*r - 549 = 0, -80*p = -75*p + r - 2712. What is the hundreds digit of p?
5
What is the hundreds digit of (-2)/(-7) + (-10)/(70/(-18331))?
6
Let n = 286 - 316. What is the units digit of (-1 - -11)*(-1695)/n?
5
Let j(n) = -3*n**2 + 52*n + 7. Let l(p) = -p**2 + p. Let o(y) = -j(y) - l(y). What is the tens digit of o(18)?
3
Let i(x) = 208*x**3 + 5*x**2 - 3*x - 1. Suppose 3*a - 12 = 2*h - 19, -5*h = -a - 24. What is the tens digit of i(a)?
0
Let o be -2 - (-37)/7 - (-26)/(-91). Let y(v) = 9*v**2 - 6*v + 4. Let j(i) = -8*i**2 + 5*i - 4. Let g(l) = -6*j(l) - 5*y(l). What is the tens digit of g(o)?
3
Suppose 0 = -14*p + 18*p + 2*s - 5124, -4*p + s + 5124 = 0. Let w = p + -819. What is the units digit of w?
2
Let g = 2657 - -669. What is the hundreds digit of g?
3
Let q(l) = -5 + 34*l - 31*l + 37. Let y be q(-10). Suppose 0 = -2*n - y*n + 440. What is the units digit of n?
0
Suppose -81*r - 77*r = -19*r - 958266. What is the tens digit of r?
9
Suppose 11*a - 66 = 352. Suppose -a*m = -39*m + 329. What is the hundreds digit of m?
3
Suppose -3*s + 87 = 27. Let z(m) = 23*m**3 - 2*m**2 - 33*m + 66. Let x be z(3). Suppose 5*b = s + x. What is the units digit of b?
8
Let f = 146 + 29. Suppose x = 0, 5*d + 4*x + f = 4125. What is the tens digit of d?
9
Suppose 0 = 3*u + 5*j + 583 + 299, -4*u - 1153 = -j. Let i = -126 - u. What is the units digit of i?
3
Let k be 0 - 1 - (4 - (-6 - -5)). Let y = 9 + k. Suppose -2*a = y*v - 85, 3*a + 2*v - 119 = 6*v. What is the tens digit of a?
4
Let p = 458 + 1500. Let x = 3212 - p. What is the tens digit of x?
5
Suppose 13*o = 8*o + 25. Suppose -2*v + 15 = 3*p - 12, -o*v + 85 = 4*p. What is the tens digit of 124/3*v/14?
6
Let k(f) be the third derivative of 67*f**4/24 + 2*f**3/3 - 2*f**2 - 9. What is the hundreds digit of k(11)?
7
Let a(w) = w - 89 + 73 + 0*w. Let p be a(21). Let n(d) = 16*d - 14. What is the tens digit of n(p)?
6
Let g(n) = -155*n + 500. Let d(j) = -52*j + 167. Let i(h) = 8*d(h) - 3*g(h). What is the units digit of i(18)?
8
Suppose 223*i + 346563 = 244*i. What is the units digit of i?
3
Suppose 2*x - 3*s = -3*x + 23111, 5*x = 5*s + 23125. What is the units digit of x?
8
Let w(n) = n**2 + 8*n + 11. Let f be w(-6). Let b be ((-9431)/(-5) - f) + (-22)/110. What is the units digit of b/13 + 8/(-52)?
5
Let v(a) = a**2 - 7*a - 65. Let s(m) = m**2 - 7*m - 64. Let f(q) = -3*s(q) + 4*v(q). What is the tens digit of f(20)?
9
Let x = 26343 + -16083. What is the hundreds digit of x?
2
What is the units digit of (-10 - -11)*((-24171)/6)/(2/(-4))?
7
Suppose m - 31 = 5*b, 0*b = -4*b - 8. Suppose 0 = d - m + 13. Suppose -283 = -d*l + 429. What is the tens digit of l?
8
Suppose -2*x - 143 = -2323. Suppose -3*d + x = -4*h, -2*d - 3*h - 257 = -978. What is the hundreds digit of d?
3
Suppose 373514 + 1625470 = 78*o. What is the hundreds digit of o?
6
Let s(l) = 5*l**2 - l. Let i be s(-1). Suppose 0 = -b, -4*a - i*b + 36 = -5*b. Suppose 0 = -u + 8 + a. What is the units digit of u?
7
Suppose 5*z = 3 + 7. Suppose 3*x - 2*m = 1082 - 336, -z*x = m - 509. Suppose -4*n = -x - 100. What is the tens digit of n?
8
Let f(u) be the third derivative of 0*u - 1/6*u**4 + 0 + 1/20*u**5 - 1/6*u**3 + 9*u**2. What is the units digit of f(-4)?
3
Let o(j) = 98*j**2 + 35*j + 317. What is the thousands digit of o(-8)?
6
Suppose -4*z + f = -19, -2*z + 4*f = 13 - 19. Suppose 7587 = z*s + 4*s. What is the tens digit of s?
4
Let s = -44 + 51. Suppose s*u + 1580 = 11*u. Suppose -5*i - u = -3*l, -l - 5*i = 3*l - 480. What is the tens digit of l?
2
Let r = 4 - -4. Let n = 150 + -114. Let a = r + n. What is the tens digit of a?
4
Let n(a) = 219*a + 2664. What is the tens digit of n(72)?
3
Suppose -199*y + 202*y - 24334 = -5*v, 4*y - 32476 = v. What is the hundreds digit of y?
1
Let c(v) = 93*v - 75. Let t be (-168)/(-70)*(-15)/(-6). What is the tens digit of c(t)?
8
Let h be (5 - 2)/(4/(-24)). What is the tens digit of (5304/h)/(4/(-6))?
4
What is the thousands digit of -7 + 759/110 + (-72651)/(-10)?
7
Suppose 15 - 35 = -5*m. Suppose 9 = -4*w + w + 5*c, 3*c = -m*w + 17. Suppose 153 = w*b - 1. What is the tens digit of b?
7
Let d(v) = v**2 + 39*v + 2. Let q be d(-39). Suppose s = -3*r - 4*s + 2395, 0 = q*r - 3*s - 1603. What is the tens digit of r?
0
Let g be 6/2 - (-4 - -7). Let a(j) = -220*j + 14. Let b be a(-1). Suppose 5*l - 4*r - b = g, 4*l - 2*r - 180 = -6*r. What is the tens digit of l?
4
Suppose g - 7576 = 68*a - 67*a, -4*a + 37880 = 5*g. What is the thousands digit of g?
7
Let q(i) = 1396*i**2 + 151*i - 578. What is the ten thousands digit of q(5)?
3
Suppose -4*g = -1 - 15. Suppose -u = 4*u - 3*m - 4, -6 = -g*u + m. Suppose 0*w + 2*w + u*a - 58 = 0, 5*a = -2*w + 46. What is the tens digit of w?
3
Let a(m) = -m**3 + 9*m**2 + 12*m - 18. Let l = 89 - 79. Let n be a(l). Let y(o) = o**2 + o + 4. What is the tens digit of y(n)?
1
Suppose -9002 = -5*p - 4*q, q + 2357 = 4*p - 4832. Suppose -18*m = -758 - p. What is the hundreds digit of m?
1
Let o(d) = 182*d**2 + 484*d - 3839. What is the tens digit of o(8)?
8
Suppose -w - 21 = 3*w + 5*b, 2*w = b + 7. Let f(h) = 679*h**2 + 3*h - 2. What is the units digit of f(w)?
0
Suppose 2*s = -3*k - 10, k - 6 = -11*s + 8*s. What is the hundreds digit of (-5594)/(-4) - -3*1/k?
3
What is the units digit of 21/(294/280) - -791?
1
Let z = -34 - -39. Suppose -239 = -i + v, -4*i - 235 = -5*i + z*v. Suppose 6*y = y + i. What is the tens digit of y?
4
Let l = 12 - 11. Suppose 4*u + l + 11 = 0. What is the units digit of 166 - (u - (-1 + -3))?
5
Let j(v) = -87*v - 9. Suppose 23 = -6*m - 1. What is the units digit of j(m)?
9
Let f = -470 - -672. Suppose 3*v + c + 296 + f = 0, 4*c + 12 = 0. Let h = v - -240. What is the tens digit of h?
7
Suppose -3*o + 18233 = i, 0 = 185*o - 188*o + 4*i + 18208. What is the hundreds digit of o?
0
Let f = 471 - 473. What is the units digit of (f/2 - -15)*(-10875)/(-250)?
9
Suppose -77*t + 96586 = -64*t + 29194. What is the hundreds digit of t?
1
Suppose 2*u - 8682 = -2*x - u, 2*x - 5*u = 8650. What is the hundreds digit of x?
3
Suppose 6*x - 393 = -2*c + 895, 0 = -2*c + 4*x + 1228. What is the hundreds digit of c?
6
Let l(v) = 1602*v**2 + 4*v + 4. Let i